Let z be o(-7). What is the remainder when 218 is divided by 1/(-3) - z/51?
42
Let y(m) = -8*m - 12*m - 1 + 1. Suppose 0 = 22*b - 23*b - 3. Calculate the remainder when y(b) is divided by 32.
28
Let o(j) = -3*j**2 - 24*j + 23. Let u be o(1). Let a = 25 + -15. What is the remainder when (u - -8)*76/16 is divided by a?
9
Let v(l) = -35*l**3 + 114*l**2 - 3*l + 1. What is the remainder when v(3) is divided by 45?
28
Let p(v) = 6*v + 29. Let l be p(32). Let f = l - 204. What is the remainder when 32 is divided by f?
15
Let x(v) = v**2 + 5*v - 990. What is the remainder when x(30) is divided by 6?
0
Suppose -3*x = -3*b - 45, 13 + 42 = 3*x - 5*b. What is the remainder when ((-77)/33)/(134/27 - 5) is divided by x?
3
Let h = 162 + -92. Let u(f) = -2*f**2 + 50*f + 210. Calculate the remainder when u(0) is divided by h.
0
Let d(h) = h**3 + 20*h**2 - 18*h - 2. Let o be d(-20). What is the remainder when o/6 - (-4)/12 is divided by 21?
18
Suppose -3*v - 2*y = -8*v + 895, 179 = v - y. Suppose 2*r + 20 = -5*k, -737*r + 5*k = -740*r. What is the remainder when v is divided by r?
19
Let c = -956 - -1252. Let i = 55 + -36. Suppose 149 = 5*s + 4*l, 5*l - 27 = -2*s + i. What is the remainder when c is divided by s?
32
Suppose 5*q - 21 = -2*y, -4*y - 2*q - 1 = -3. Let z(m) = -65*m - 34. What is the remainder when 477 is divided by z(y)?
93
Suppose 3*g - 110 + 83 = 0. Calculate the remainder when g is divided by 32/12*6/4.
1
Suppose 32*g - 5*g = 1485. Suppose -78 = g*y - 58*y - 3*n, -5*y + 157 = -4*n. Suppose -132 = -5*r + 138. What is the remainder when r is divided by y?
25
Suppose 396 = 5*l - u, 3*l + 34*u - 228 = 37*u. Calculate the remainder when 1853 is divided by l.
13
Suppose -4*g - n = -491, -38*g + 635 = -33*g - 3*n. Calculate the remainder when 1735 is divided by g.
123
Suppose -3*f - 4*y = -3*y - 78, -4*f + 103 = y. Suppose -5*x = 10, 2*m - 2*x = 6*m - 8. What is the remainder when -2*-8*(6 - m) is divided by f?
23
Suppose x - 1 = k - 6, 3*x - 9 = 0. What is the remainder when 1155 is divided by k?
3
Let l(q) = -18*q**2 - 13*q + 8. Let t be l(-6). What is the remainder when 81/108 + t/(-8) is divided by 4?
3
Suppose 3*o = 582 - 45. Let f(v) = 186*v**2 + 2410*v - 68. What is the remainder when o is divided by f(-13)?
35
Suppose u - 27293 - 36053 = -5*m, 5*m - 63366 = 4*u. Calculate the remainder when m is divided by 22.
20
Suppose -5*v = -26*z + 22*z + 4106, 3*v + 5139 = 5*z. What is the remainder when z is divided by 287?
168
Let b be 1/(-2)*16/(-2). Let a = 1266 + -1261. Suppose -z = 3, 23 - 190 = -a*j + b*z. What is the remainder when 121 is divided by j?
28
Let y = -80 + 142. Let s = -7 - -11. Let k(b) = b**2 - b + 9. Calculate the remainder when y is divided by k(s).
20
Let q(f) = f**2 + 7*f + 15. Let s be q(-7). Let d = s - 71. What is the remainder when 29 is divided by (-2)/(3/(-4)*d/(-231))?
7
Suppose -3*x = 2*x - 235. Let s(n) = n**2 + 11*n + 52. Let j be s(-18). Let p = 271 - j. Calculate the remainder when p is divided by x.
46
What is the remainder when 1648 is divided by -2*(-8)/(-12)*(-7917)/58?
10
Let q(g) = 29*g + 76. Let y be q(-5). Suppose k = -3*k - 300. Let n = y - k. Calculate the remainder when 22 is divided by n.
4
Suppose 0*d + 12 = 2*d. Let j(o) = 9*o + 25. Let m(r) = 7*r + 17. Let z(v) = -5*j(v) + 7*m(v). Calculate the remainder when z(d) is divided by 5.
3
What is the remainder when 12/(-9)*(-7)/(-28)*-15 is divided by 2 + 5/(-5) - -2?
2
Suppose -4397 = 35*i - 19202. Let z = 437 - i. What is the remainder when (4/6)/(3/297) is divided by z?
10
Suppose -11 + 1 = 4*q - 5*o, 4*q - 3*o + 14 = 0. Let v = q + 11. Suppose -3*p + 2*p = -15. Calculate the remainder when p is divided by v.
3
Suppose 4*m = 4*d - 64, 0*m + 44 = -2*m - 2*d. Let c(j) = -10*j - 121. Calculate the remainder when 273 is divided by c(m).
66
Calculate the remainder when 4/((8 + (-392)/48)*-2)*25 is divided by 4.
0
Let t(f) = 2*f**2. Suppose -5*i + 292 = 66*i - 3471. What is the remainder when i is divided by t(-2)?
5
Let z(v) = -1170*v + 16431. Calculate the remainder when z(11) is divided by 188.
177
Suppose -4*o + 1329 = -5*i, -o - 6*i + 342 = -4*i. Calculate the remainder when o is divided by 121.
94
Let c = -262 + 186. What is the remainder when 18 is divided by c/(-48)*3 - (-1)/4?
3
Suppose -l + 26 = -44*p + 48*p, -5*p = 10. What is the remainder when 400 is divided by l?
26
Suppose -15*i + 1107 + 1102 = 244. Calculate the remainder when 2881 is divided by i.
130
Suppose -m + 579 = -4*f, -m - 5*f + 512 = -103. Let b = 21513 - 21467. Calculate the remainder when m is divided by b.
43
Let n be 6/(-15) - (-2442)/55. Suppose 5*l + 2*t - 14 = 3*l, -5*l + 4*t = -n. Calculate the remainder when 61 is divided by l.
5
Let n = 144 + -81. Suppose 62*f - 422 = -31*f + 1717. What is the remainder when n is divided by f?
17
Let n(b) = -4*b**2 + 7*b + 36. Let q be n(-6). Let t = 160 + q. What is the remainder when t is divided by 8?
2
Suppose 24*i - 20*i + 5*u - 100 = 0, 120 = 5*i + 5*u. Suppose 0 = -5*f - 2 - 13. Calculate the remainder when (-1 - f)*848/32 is divided by i.
13
Let c = -11 + 5. Suppose -92*v = -86*v - 36. Calculate the remainder when (-9)/c - 87/(-6) is divided by v.
4
Suppose -2*p = -3*m + 1148, -4*m - p + 1880 = 320. Let w(f) = -3*f**3 - 3*f**2 - 2*f + 1. What is the remainder when m is divided by w(-2)?
14
Suppose 5*l - 500 = -10*c + 5*c, -116 = -c + 3*l. Calculate the remainder when 828 is divided by c.
100
Suppose -8*x + 12*x = 0. Suppose x = -3*g - 6*g + 135. What is the remainder when 26 is divided by g?
11
Suppose 4*k + o - 4469 = 0, 0*o + 1091 = k - 5*o. Suppose 4*y - 6*y = -k. Calculate the remainder when y is divided by 20.
18
Let r = -13671 - -13733. Calculate the remainder when 198 is divided by r.
12
Suppose 0 = -4*c + 2*c + 44. Suppose -31*h = -40*h - 18. What is the remainder when c is divided by (-26)/(-52) + (-7)/h?
2
Let f(x) = 14*x**3 + 3*x**2 - x - 1. Let a(c) = -7793*c + 54601. Calculate the remainder when f(2) is divided by a(7).
21
Let q(b) = -b**3. Let j(i) = -5*i**3 - 3*i**2 - i. Let f(p) = -j(p) + 4*q(p). Let k be f(-2). Calculate the remainder when 2 is divided by (-1)/(3/k*(-6)/18).
0
Suppose 0 = 3*k + 2*k - 10. Suppose 4*o = 2*t + 18, -k*t + t + 1 = 3*o. Calculate the remainder when 3/((-162)/(-528)) + o/9 is divided by 4.
2
Let t(k) = 0 + 5*k**3 - 27*k**3 + 1 + k**3. Suppose 5*m - 226 = -3*n, -1 = 4*m + 15. What is the remainder when n is divided by t(-1)?
16
Suppose -11*p + 2*p = -27. Suppose 2*n - p*s + 31 = 0, n - 3*s = -2 - 6. Let a = -20 - n. What is the remainder when 3 is divided by a?
0
What is the remainder when (-314 - 1)*(2/(-5) + 84/(-420)) is divided by 64?
61
Let n be ((-4)/(-1))/24 - (-218)/(-12). What is the remainder when (-11)/(396/8) - 1210/n is divided by 34?
33
Suppose 12*s + 2*t + 3228 = 16*s, 5*t - 3214 = -4*s. Calculate the remainder when s is divided by 265.
11
Let c = -29235 + 34381. What is the remainder when c is divided by 22?
20
Let c(t) = -t**3 + t**2 - t + 4. Let o be c(0). Suppose 4*y - h - 464 = 2*h, o = -h. Let i = -56 - -79. What is the remainder when y is divided by i?
21
Suppose 2*n + 55 + 75 = 4*m, 4*m + 4*n = 136. Let q(t) = -t**2 - 4*t + 9. Let b = 29 - 29. What is the remainder when m is divided by q(b)?
6
Let t(l) = -l**2 + 1. Let a(s) = s**3 - 7*s**2 - 8*s - 3. Let f(c) = a(c) - 5*t(c). What is the remainder when f(5) is divided by 3?
0
Let j = -15 - -44. Let c = 34 + -32. Let i(d) = 15*d**2 - 4*d + 3. Calculate the remainder when i(c) is divided by j.
26
Let i(p) = -26*p**3 - 2*p**2 - 2*p + 5. Let v(x) = 13*x**3 + x**2 + x - 2. Let s(m) = -3*i(m) - 7*v(m). What is the remainder when s(-1) is divided by 3?
0
Let g(r) = r + 13. Let i be g(-13). Suppose i = -25*w + 18*w + 126. Suppose -11*l - w = -12*l. Calculate the remainder when 71 is divided by l.
17
Suppose -3*f + 153 = -2*g, 29*f + g = 31*f - 104. Calculate the remainder when f is divided by 15.
10
Let n(m) = -2 - 8*m + 30*m + 8*m + 4. Let c = -7024 - -7043. What is the remainder when n(3) is divided by c?
16
Let f = 322 - 303. Let t = f - 14. Calculate the remainder when 6 is divided by t.
1
Suppose 3*v - 10 = 32. Let o = v - -72. Calculate the remainder when o is divided by (-1 - 2)*66/(-9).
20
Let r = 6 + -7. Calculate 